{"id":41,"date":"2015-09-24T12:39:31","date_gmt":"2015-09-24T10:39:31","guid":{"rendered":"http:\/\/10.86.24.6\/darius-net\/?page_id=41"},"modified":"2018-10-19T20:07:35","modified_gmt":"2018-10-19T18:07:35","slug":"impressum","status":"publish","type":"page","link":"https:\/\/www.darius-net.de\/cms\/index.php\/impressum\/","title":{"rendered":"Impressum"},"content":{"rendered":"<p style=\"text-align: left;\"><strong>Impressum &#8211; <\/strong><strong>verantwortlich gem. $5 TMG<\/strong><\/p>\n<p style=\"text-align: left;\">Thomas Darius<br \/>\nSch\u00fctzenstr. 180<br \/>\n42659 Solingen<\/p>\n<p style=\"text-align: left;\">Email:\u00a0 info(at)darius-net.de<br \/>\nTelefon:\u00a0\u00a0\u00a0 0212 &#8211; 4 20 20<br \/>\nTelefax:\u00a0\u00a0\u00a0 0212 &#8211; 4 33 15<\/p>\n<p style=\"text-align: left;\">Finanzamt Solingen<br \/>\nSteuernummer 128\/5105\/4077<br \/>\nUst-Id Nr.\u00a0 DE 172683087<\/p>\n<p style=\"text-align: left;\"><strong>Disclaimer\/ H<\/strong><strong>aftungsausschluss<\/strong><\/p>\n<p style=\"text-align: left;\">Wir schlie\u00dfen jede Haftung oder Garantie hinsichtlich der Genauigkeit, Vollst\u00e4ndigkeit und Aktualit\u00e4t der auf dieser Website bereitgestellten Informationen aus. Dies gilt insbesondere auch f\u00fcr Websites, auf die mittels Hyperlink verwiesen wird. Es handelt sich dabei um fremde Websites, auf deren Inhalt wir keinen Einfluss haben. Wir schlie\u00dfen daher eine Haftung f\u00fcr den Inhalt derartiger Seiten ausdr\u00fccklich aus und \u00fcbernimmt auch keine Verantwortung f\u00fcr den Datenschutz der Betreiber.<\/p>\n<p style=\"text-align: left;\">Webdesign \u00a9 2015 &#8211; 2018 Thomas Darius<\/p>\n<p>&nbsp;<\/p>\n","protected":false},"excerpt":{"rendered":"<p>Impressum &#8211; verantwortlich gem. $5 TMG Thomas Darius Sch\u00fctzenstr. 180 42659 Solingen Email:\u00a0 info(at)darius-net.de Telefon:\u00a0\u00a0\u00a0 0212 &#8211; 4 20 20 Telefax:\u00a0\u00a0\u00a0 0212 &#8211; 4 33 15 Finanzamt Solingen Steuernummer 128\/5105\/4077 Ust-Id Nr.\u00a0 DE 172683087 Disclaimer\/ Haftungsausschluss Wir schlie\u00dfen jede Haftung oder Garantie hinsichtlich der Genauigkeit, Vollst\u00e4ndigkeit und Aktualit\u00e4t der auf dieser Website bereitgestellten Informationen aus. [&hellip;]<\/p>\n","protected":false},"author":1,"featured_media":0,"parent":0,"menu_order":0,"comment_status":"closed","ping_status":"closed","template":"","meta":{"footnotes":""},"class_list":["post-41","page","type-page","status-publish","hentry"],"_links":{"self":[{"href":"https:\/\/www.darius-net.de\/cms\/index.php\/wp-json\/wp\/v2\/pages\/41","targetHints":{"allow":["GET"]}}],"collection":[{"href":"https:\/\/www.darius-net.de\/cms\/index.php\/wp-json\/wp\/v2\/pages"}],"about":[{"href":"https:\/\/www.darius-net.de\/cms\/index.php\/wp-json\/wp\/v2\/types\/page"}],"author":[{"embeddable":true,"href":"https:\/\/www.darius-net.de\/cms\/index.php\/wp-json\/wp\/v2\/users\/1"}],"replies":[{"embeddable":true,"href":"https:\/\/www.darius-net.de\/cms\/index.php\/wp-json\/wp\/v2\/comments?post=41"}],"version-history":[{"count":14,"href":"https:\/\/www.darius-net.de\/cms\/index.php\/wp-json\/wp\/v2\/pages\/41\/revisions"}],"predecessor-version":[{"id":487,"href":"https:\/\/www.darius-net.de\/cms\/index.php\/wp-json\/wp\/v2\/pages\/41\/revisions\/487"}],"wp:attachment":[{"href":"https:\/\/www.darius-net.de\/cms\/index.php\/wp-json\/wp\/v2\/media?parent=41"}],"curies":[{"name":"wp","href":"https:\/\/api.w.org\/{rel}","templated":true}]}}