{"id":627,"date":"2023-03-02T12:51:23","date_gmt":"2023-03-02T11:51:23","guid":{"rendered":"https:\/\/www.darius-net.de\/cms\/index.php\/home-2\/"},"modified":"2023-03-02T16:02:59","modified_gmt":"2023-03-02T15:02:59","slug":"home-2","status":"publish","type":"page","link":"https:\/\/www.darius-net.de\/cms\/","title":{"rendered":"Home"},"content":{"rendered":"\n<p>Seit unserer Gr\u00fcndung im Jahr 1998 besch\u00e4ftigen wir uns mit der Planung, Realisierung und der Wartung von Firmennetzwerken. Selbstverst\u00e4ndlich liefern wir auch Einzelplatz PC und die n\u00f6tige Peripherie wie Drucker, Monitore usw. Auch die schnellen Internetzug\u00e4nge \u00fcber ADSL oder SDSL realisieren wir f\u00fcr unsere Kunden.<\/p>\n\n\n\n<p>Durch unseren permanenten vor Ort Service kennen wir die Netzwerke und die Anwenderstruktur unserer Kunden bis ins Detail und k\u00f6nnen so in hohem Ma\u00dfe auf die speziellen Bed\u00fcrfnisse eingehen. Durch regelm\u00e4\u00dfige Fortbildungsma\u00dfnahmen halten wir unser Fachwissen in allen Bereichen der Hard &#8211; und Software sowie der Netzwerkverwaltung auf dem neuesten Stand.<\/p>\n\n\n\n<p>Wir arbeiten mit allen f\u00fchrenden Herstellern und Distributoren um Ihnen die f\u00fcr Sie optimale L\u00f6sung zu bieten.<\/p>\n","protected":false},"excerpt":{"rendered":"<p>Seit unserer Gr\u00fcndung im Jahr 1998 besch\u00e4ftigen wir uns mit der Planung, Realisierung und der Wartung von Firmennetzwerken. Selbstverst\u00e4ndlich liefern wir auch Einzelplatz PC und die n\u00f6tige Peripherie wie Drucker, Monitore usw. Auch die schnellen Internetzug\u00e4nge \u00fcber ADSL oder SDSL realisieren wir f\u00fcr unsere Kunden. Durch unseren permanenten vor Ort Service kennen wir die Netzwerke [&hellip;]<\/p>\n","protected":false},"author":1,"featured_media":0,"parent":0,"menu_order":0,"comment_status":"closed","ping_status":"closed","template":"","meta":{"footnotes":""},"class_list":["post-627","page","type-page","status-publish","hentry"],"_links":{"self":[{"href":"https:\/\/www.darius-net.de\/cms\/index.php\/wp-json\/wp\/v2\/pages\/627","targetHints":{"allow":["GET"]}}],"collection":[{"href":"https:\/\/www.darius-net.de\/cms\/index.php\/wp-json\/wp\/v2\/pages"}],"about":[{"href":"https:\/\/www.darius-net.de\/cms\/index.php\/wp-json\/wp\/v2\/types\/page"}],"author":[{"embeddable":true,"href":"https:\/\/www.darius-net.de\/cms\/index.php\/wp-json\/wp\/v2\/users\/1"}],"replies":[{"embeddable":true,"href":"https:\/\/www.darius-net.de\/cms\/index.php\/wp-json\/wp\/v2\/comments?post=627"}],"version-history":[{"count":1,"href":"https:\/\/www.darius-net.de\/cms\/index.php\/wp-json\/wp\/v2\/pages\/627\/revisions"}],"predecessor-version":[{"id":670,"href":"https:\/\/www.darius-net.de\/cms\/index.php\/wp-json\/wp\/v2\/pages\/627\/revisions\/670"}],"wp:attachment":[{"href":"https:\/\/www.darius-net.de\/cms\/index.php\/wp-json\/wp\/v2\/media?parent=627"}],"curies":[{"name":"wp","href":"https:\/\/api.w.org\/{rel}","templated":true}]}}